{"id":6,"date":"2024-09-20T10:58:09","date_gmt":"2024-09-20T08:58:09","guid":{"rendered":"https:\/\/grupocorporativocaliche.es\/?page_id=6"},"modified":"2024-09-26T12:17:23","modified_gmt":"2024-09-26T10:17:23","slug":"gala-corporativa","status":"publish","type":"page","link":"https:\/\/grupocorporativocaliche.es\/index.php\/gala-corporativa\/","title":{"rendered":"Gala corporativa"},"content":{"rendered":"<p>[et_pb_section fb_built=\u00bb1&#8243; disabled_on=\u00bbon|on|off\u00bb admin_label=\u00bbHeader\u00bb _builder_version=\u00bb4.27.0&#8243; _module_preset=\u00bbdefault\u00bb background_image=\u00bbhttps:\/\/grupocorporativocaliche.es\/wp-content\/uploads\/2024\/09\/fondo-landing-web.jpg\u00bb custom_padding=\u00bb29vw||29vw||true|false\u00bb collapsed=\u00bbon\u00bb global_colors_info=\u00bb{}\u00bb][\/et_pb_section][et_pb_section fb_built=\u00bb1&#8243; fullwidth=\u00bbon\u00bb disabled_on=\u00bboff|off|on\u00bb _builder_version=\u00bb4.27.0&#8243; _module_preset=\u00bbdefault\u00bb background_enable_image=\u00bboff\u00bb custom_margin=\u00bb71px||||false|false\u00bb global_colors_info=\u00bb{}\u00bb][et_pb_fullwidth_image src=\u00bbhttps:\/\/grupocorporativocaliche.es\/wp-content\/uploads\/2024\/09\/movil-2-min.png\u00bb title_text=\u00bbmovil 2-min\u00bb _builder_version=\u00bb4.27.0&#8243; _module_preset=\u00bbdefault\u00bb custom_margin=\u00bb-71px|||||\u00bb global_colors_info=\u00bb{}\u00bb][\/et_pb_fullwidth_image][\/et_pb_section][et_pb_section fb_built=\u00bb1&#8243; admin_label=\u00bbServices\u00bb _builder_version=\u00bb4.27.0&#8243; _module_preset=\u00bbdefault\u00bb collapsed=\u00bbon\u00bb global_colors_info=\u00bb{}\u00bb][et_pb_row column_structure=\u00bb1_3,1_3,1_3&#8243; custom_padding_last_edited=\u00bbon|tablet\u00bb _builder_version=\u00bb4.20.0&#8243; _module_preset=\u00bbdefault\u00bb custom_padding_tablet=\u00bb||0px||false|false\u00bb custom_padding_phone=\u00bb||0px||false|false\u00bb saved_tabs=\u00bball\u00bb global_colors_info=\u00bb{}\u00bb][et_pb_column type=\u00bb1_3&#8243; _builder_version=\u00bb4.20.0&#8243; _module_preset=\u00bbdefault\u00bb background_color=\u00bbRGBA(255,255,255,0)\u00bb link_option_url=\u00bb#\u00bb box_shadow_style=\u00bbpreset4&#8243; box_shadow_horizontal=\u00bb0px\u00bb box_shadow_vertical=\u00bb0px\u00bb box_shadow_color=\u00bb#F9F9F9&#8243; global_colors_info=\u00bb{}\u00bb background__hover_enabled=\u00bbon|desktop\u00bb box_shadow_spread__hover_enabled=\u00bbon|hover\u00bb box_shadow_spread__hover=\u00bb20px\u00bb background_color__hover=\u00bb#F9F9F9&#8243; background_enable_color__hover=\u00bbon\u00bb][et_pb_image src=\u00bbhttps:\/\/grupocorporativocaliche.es\/wp-content\/uploads\/2024\/09\/localizacion.png\u00bb title_text=\u00bblocalizacion\u00bb align=\u00bbcenter\u00bb _builder_version=\u00bb4.27.0&#8243; _module_preset=\u00bbdefault\u00bb width=\u00bb50%\u00bb global_colors_info=\u00bb{}\u00bb][\/et_pb_image][et_pb_text _builder_version=\u00bb4.27.0&#8243; _module_preset=\u00bb86d54ba1-3df6-4aee-bd02-86b93278e862&#8243; text_font=\u00bbABeeZee||||||||\u00bb text_font_size=\u00bb17px\u00bb header_font=\u00bbABeeZee||||||||\u00bb header_font_size=\u00bb25px\u00bb custom_margin=\u00bb||10px||false|false\u00bb global_colors_info=\u00bb{}\u00bb]<\/p>\n<h5 style=\"text-align: center;\"><strong>Apertura de Puertas<\/strong><\/h5>\n<p>[\/et_pb_text][et_pb_text _builder_version=\u00bb4.27.0&#8243; _module_preset=\u00bb1ff76e8f-8e80-4874-8ff2-20e110585308&#8243; global_colors_info=\u00bb{}\u00bb]<\/p>\n<p style=\"text-align: justify;\">La ceremonia comenzar\u00e1s a las 18:ooH en el <strong>Teatro Circo de Murcia<\/strong>.<strong> La apertura de puertas ser\u00e1s a las 17:30H<\/strong>. Se ruega puntualidad para no interrumpir la ceremonia<\/p>\n<p>[\/et_pb_text][\/et_pb_column][et_pb_column type=\u00bb1_3&#8243; _builder_version=\u00bb4.20.0&#8243; _module_preset=\u00bbdefault\u00bb background_color=\u00bbRGBA(255,255,255,0)\u00bb link_option_url=\u00bb#\u00bb box_shadow_style=\u00bbpreset4&#8243; box_shadow_horizontal=\u00bb0px\u00bb box_shadow_vertical=\u00bb0px\u00bb box_shadow_color=\u00bb#F9F9F9&#8243; global_colors_info=\u00bb{}\u00bb background__hover_enabled=\u00bbon|hover\u00bb box_shadow_spread__hover=\u00bb20px\u00bb box_shadow_spread__hover_enabled=\u00bbon|hover\u00bb background_color__hover=\u00bb#F9F9F9&#8243; background_enable_color__hover=\u00bbon\u00bb][et_pb_image src=\u00bbhttps:\/\/grupocorporativocaliche.es\/wp-content\/uploads\/2024\/09\/copas.png\u00bb title_text=\u00bbcopas\u00bb align=\u00bbcenter\u00bb _builder_version=\u00bb4.27.0&#8243; _module_preset=\u00bbdefault\u00bb width=\u00bb50%\u00bb global_colors_info=\u00bb{}\u00bb][\/et_pb_image][et_pb_text _builder_version=\u00bb4.27.0&#8243; _module_preset=\u00bb86d54ba1-3df6-4aee-bd02-86b93278e862&#8243; custom_margin=\u00bb||10px||false|false\u00bb global_colors_info=\u00bb{}\u00bb]<\/p>\n<h5 style=\"text-align: center;\">Cena cocktail<\/h5>\n<p>[\/et_pb_text][et_pb_text _builder_version=\u00bb4.27.0&#8243; _module_preset=\u00bb1ff76e8f-8e80-4874-8ff2-20e110585308&#8243; global_colors_info=\u00bb{}\u00bb]<\/p>\n<p style=\"text-align: justify;\">Tras la gala nos desplazaremos al <strong>Mercado de Correos<\/strong> para disfrutar de una cena cocktail<\/p>\n<p>[\/et_pb_text][\/et_pb_column][et_pb_column type=\u00bb1_3&#8243; _builder_version=\u00bb4.20.0&#8243; _module_preset=\u00bbdefault\u00bb background_color=\u00bbRGBA(255,255,255,0)\u00bb link_option_url=\u00bb#\u00bb box_shadow_style=\u00bbpreset4&#8243; box_shadow_horizontal=\u00bb0px\u00bb box_shadow_vertical=\u00bb0px\u00bb box_shadow_color=\u00bb#F9F9F9&#8243; global_colors_info=\u00bb{}\u00bb background_color__hover=\u00bb#F9F9F9&#8243; background__hover_enabled=\u00bbon|hover\u00bb box_shadow_spread__hover=\u00bb20px\u00bb box_shadow_spread__hover_enabled=\u00bbon|hover\u00bb background_enable_color__hover=\u00bbon\u00bb][et_pb_image src=\u00bbhttps:\/\/grupocorporativocaliche.es\/wp-content\/uploads\/2024\/09\/vestigo-granate.png\u00bb title_text=\u00bbvestigo granate\u00bb align=\u00bbcenter\u00bb _builder_version=\u00bb4.27.0&#8243; _module_preset=\u00bbdefault\u00bb width=\u00bb50%\u00bb global_colors_info=\u00bb{}\u00bb][\/et_pb_image][et_pb_text _builder_version=\u00bb4.27.0&#8243; _module_preset=\u00bb86d54ba1-3df6-4aee-bd02-86b93278e862&#8243; custom_margin=\u00bb||10px||false|false\u00bb global_colors_info=\u00bb{}\u00bb]<\/p>\n<h5 style=\"text-align: center;\">C\u00f3digo de Vestimenta<\/h5>\n<p>[\/et_pb_text][et_pb_text _builder_version=\u00bb4.27.0&#8243; _module_preset=\u00bb1ff76e8f-8e80-4874-8ff2-20e110585308&#8243; global_colors_info=\u00bb{}\u00bb]<\/p>\n<p>Para este evento el c\u00f3digo de vestimenta ser\u00e1 de <strong>etiqueta<\/strong><\/p>\n<p>[\/et_pb_text][\/et_pb_column][\/et_pb_row][et_pb_row _builder_version=\u00bb4.27.0&#8243; _module_preset=\u00bbdefault\u00bb column_structure=\u00bb3_5,2_5&#8243; box_shadow_style=\u00bbpreset1&#8243; hover_enabled=\u00bb0&#8243; sticky_enabled=\u00bb0&#8243; custom_margin=\u00bb54px|auto||auto||\u00bb background_color=\u00bb#FFFFFF\u00bb box_shadow_color=\u00bb#873838&#8243;][et_pb_column _builder_version=\u00bb4.27.0&#8243; _module_preset=\u00bbdefault\u00bb type=\u00bb3_5&#8243;][et_pb_text _builder_version=\u00bb4.27.0&#8243; _module_preset=\u00bb11c5e969-ba02-471f-91af-7e3e114019ba\u00bb text_text_color=\u00bb#FFFFFF\u00bb text_font_size=\u00bb34px\u00bb header_text_color=\u00bb#FFFFFF\u00bb header_font_size=\u00bb7px\u00bb width=\u00bb100%\u00bb custom_margin=\u00bb3px||10px||false|false\u00bb custom_padding=\u00bb9px||0px|16px||\u00bb hover_enabled=\u00bb0&#8243; global_colors_info=\u00bb{}\u00bb sticky_enabled=\u00bb0&#8243; header_font=\u00bbABeeZee||||||||\u00bb text_font=\u00bbABeeZee||||||||\u00bb text_letter_spacing=\u00bb2px\u00bb header_4_font=\u00bbCormorant Garamond|700||on|||||\u00bb header_4_font_size=\u00bb34px\u00bb header_4_text_color=\u00bb#651906&#8243;]<\/p>\n<h4 style=\"text-align: center;\">\u00a1No olvides tu pulsera!<\/h4>\n<p>&nbsp;<\/p>\n<h5 style=\"text-align: center;\"><span style=\"color: #000000;\">La pulsera que recibisteis es la entrada para nuestra Gala Anual, recuerda llevarla puesta.\u00a0<\/span><\/h5>\n<p>[\/et_pb_text][\/et_pb_column][et_pb_column _builder_version=\u00bb4.27.0&#8243; _module_preset=\u00bbdefault\u00bb type=\u00bb2_5&#8243;][et_pb_image src=\u00bbhttps:\/\/grupocorporativocaliche.es\/wp-content\/uploads\/2024\/09\/pulsera-gala-2024-mock.png\u00bb _builder_version=\u00bb4.27.0&#8243; _module_preset=\u00bbdefault\u00bb title_text=\u00bbpulsera gala 2024 mock\u00bb hover_enabled=\u00bb0&#8243; sticky_enabled=\u00bb0&#8243;][\/et_pb_image][\/et_pb_column][\/et_pb_row][\/et_pb_section][et_pb_section fb_built=\u00bb1&#8243; admin_label=\u00bbAbout\u00bb _builder_version=\u00bb4.27.0&#8243; _module_preset=\u00bbdefault\u00bb background_color=\u00bb#000000&#8243; background_image=\u00bbhttps:\/\/grupocorporativocaliche.es\/wp-content\/uploads\/2024\/09\/textura-fondo-web.png\u00bb collapsed=\u00bbon\u00bb global_colors_info=\u00bb{}\u00bb][et_pb_row column_structure=\u00bb3_5,2_5&#8243; _builder_version=\u00bb4.27.0&#8243; _module_preset=\u00bbdefault\u00bb global_colors_info=\u00bb{}\u00bb][et_pb_column type=\u00bb3_5&#8243; _builder_version=\u00bb4.27.0&#8243; _module_preset=\u00bbdefault\u00bb global_colors_info=\u00bb{}\u00bb][et_pb_text _builder_version=\u00bb4.27.0&#8243; _module_preset=\u00bb876a72f6-af99-4728-a89a-ea035610aca7&#8243; text_font=\u00bbAbel||||||||\u00bb header_font=\u00bbAbel||||||||\u00bb header_2_font=\u00bbBrygada 1918|700|||||||\u00bb header_2_text_color=\u00bb#FFFFFF\u00bb header_2_font_size=\u00bb43px\u00bb custom_padding=\u00bb3px|||||\u00bb global_colors_info=\u00bb{}\u00bb]<\/p>\n<h2 style=\"text-align: center;\">Para nuestro 55 aniversario quer\u00edamos hacer algo inolvidable pero&#8230;<\/h2>\n<p>[\/et_pb_text][et_pb_text _builder_version=\u00bb4.27.0&#8243; _module_preset=\u00bb876a72f6-af99-4728-a89a-ea035610aca7&#8243; header_2_font=\u00bbAbril Fatface||||||||\u00bb header_2_text_color=\u00bb#FFFFFF\u00bb header_2_font_size=\u00bb43px\u00bb header_2_letter_spacing=\u00bb0em\u00bb custom_padding=\u00bb56px|||||\u00bb header_2_font_size_phone=\u00bb21px\u00bb global_colors_info=\u00bb{}\u00bb]<\/p>\n<h2 style=\"text-align: center;\"><em>\u00bfEst\u00e1s preparado para disfrutar de uno de los mejores shows nacionales?<\/em><\/h2>\n<p>[\/et_pb_text][\/et_pb_column][et_pb_column type=\u00bb2_5&#8243; _builder_version=\u00bb4.27.0&#8243; _module_preset=\u00bbdefault\u00bb global_colors_info=\u00bb{}\u00bb][et_pb_image src=\u00bbhttps:\/\/grupocorporativocaliche.es\/wp-content\/uploads\/2024\/09\/logo-vela.png\u00bb title_text=\u00bblogo vela\u00bb _builder_version=\u00bb4.27.0&#8243; _module_preset=\u00bbdefault\u00bb custom_margin=\u00bb||-11px|||\u00bb global_colors_info=\u00bb{}\u00bb][\/et_pb_image][et_pb_text _builder_version=\u00bb4.27.0&#8243; _module_preset=\u00bb876a72f6-af99-4728-a89a-ea035610aca7&#8243; header_font=\u00bbBungee Outline||||||||\u00bb header_2_font=\u00bbBungee Outline|700|||||||\u00bb header_2_text_color=\u00bb#FFFFFF\u00bb header_2_font_size=\u00bb43px\u00bb custom_padding=\u00bb0px|||||\u00bb global_colors_info=\u00bb{}\u00bb]<\/p>\n<h2 style=\"text-align: right;\">PRESENTA<\/h2>\n<p>[\/et_pb_text][\/et_pb_column][\/et_pb_row][et_pb_row column_structure=\u00bb3_5,2_5&#8243; _builder_version=\u00bb4.20.0&#8243; _module_preset=\u00bbdefault\u00bb custom_padding=\u00bb||0px||false|false\u00bb global_colors_info=\u00bb{}\u00bb][et_pb_column type=\u00bb3_5&#8243; _builder_version=\u00bb4.20.0&#8243; _module_preset=\u00bbdefault\u00bb global_colors_info=\u00bb{}\u00bb][et_pb_image src=\u00bbhttps:\/\/grupocorporativocaliche.es\/wp-content\/uploads\/2024\/09\/wee3.jpg\u00bb title_text=\u00bbwee3&#8243; _builder_version=\u00bb4.27.0&#8243; _module_preset=\u00bbdefault\u00bb custom_margin=\u00bb||66px|||\u00bb custom_padding=\u00bb||0px|||\u00bb box_shadow_style=\u00bbpreset2&#8243; global_colors_info=\u00bb{}\u00bb][\/et_pb_image][et_pb_image src=\u00bbhttps:\/\/grupocorporativocaliche.es\/wp-content\/uploads\/2024\/09\/Copia-de-DSC05653-min-scaled.jpg\u00bb title_text=\u00bbCopia de DSC05653-min\u00bb _builder_version=\u00bb4.27.0&#8243; _module_preset=\u00bbdefault\u00bb box_shadow_style=\u00bbpreset2&#8243; global_colors_info=\u00bb{}\u00bb][\/et_pb_image][\/et_pb_column][et_pb_column type=\u00bb2_5&#8243; _builder_version=\u00bb4.20.0&#8243; _module_preset=\u00bbdefault\u00bb global_colors_info=\u00bb{}\u00bb][et_pb_image src=\u00bbhttps:\/\/grupocorporativocaliche.es\/wp-content\/uploads\/2024\/09\/weeee.jpg\u00bb title_text=\u00bbweeee\u00bb _builder_version=\u00bb4.27.0&#8243; _module_preset=\u00bbdefault\u00bb box_shadow_style=\u00bbpreset2&#8243; global_colors_info=\u00bb{}\u00bb][\/et_pb_image][\/et_pb_column][\/et_pb_row][et_pb_row _builder_version=\u00bb4.20.0&#8243; _module_preset=\u00bbdefault\u00bb custom_padding=\u00bb33px|||||\u00bb global_colors_info=\u00bb{}\u00bb][et_pb_column type=\u00bb4_4&#8243; _builder_version=\u00bb4.20.0&#8243; _module_preset=\u00bbdefault\u00bb custom_padding_tablet=\u00bb||30px||false|false\u00bb custom_padding_phone=\u00bb||30px||false|false\u00bb custom_padding_last_edited=\u00bbon|tablet\u00bb global_colors_info=\u00bb{}\u00bb][et_pb_text _builder_version=\u00bb4.27.0&#8243; _module_preset=\u00bb11c5e969-ba02-471f-91af-7e3e114019ba\u00bb text_text_color=\u00bb#FFFFFF\u00bb text_font_size=\u00bb12px\u00bb header_text_color=\u00bb#FFFFFF\u00bb header_font_size=\u00bb7px\u00bb width=\u00bb100%\u00bb custom_margin=\u00bb12px||10px||false|false\u00bb custom_padding=\u00bb18px||0px|||\u00bb global_colors_info=\u00bb{}\u00bb]<\/p>\n<h4 style=\"text-align: center;\"><span style=\"color: #ffffff;\">Como llegar al<strong>\u00a0Teatro Circo<\/strong><\/span><\/h4>\n<p>[\/et_pb_text][et_pb_code _builder_version=\u00bb4.27.0&#8243; _module_preset=\u00bbdefault\u00bb text_orientation=\u00bbcenter\u00bb global_colors_info=\u00bb{}\u00bb]<iframe src=\"https:\/\/www.google.com\/maps\/embed?pb=!1m18!1m12!1m3!1d3144.5428324537297!2d-1.13069058734246!3d37.98779707181534!2m3!1f0!2f0!3f0!3m2!1i1024!2i768!4f13.1!3m3!1m2!1s0xd63821bcb1d2da9%3A0xad449cd37ad17534!2sTeatro%20Circo%20Murcia!5e0!3m2!1ses!2ses!4v1727168701248!5m2!1ses!2ses\" width=\"500\" height=\"500\" style=\"border:0;\" allowfullscreen=\"\" loading=\"lazy\" referrerpolicy=\"no-referrer-when-downgrade\"><\/iframe>[\/et_pb_code][\/et_pb_column][\/et_pb_row][\/et_pb_section][et_pb_section fb_built=\u00bb1&#8243; admin_label=\u00bbFooter\u00bb _builder_version=\u00bb4.27.0&#8243; _module_preset=\u00bbdefault\u00bb background_color=\u00bb#000000&#8243; saved_tabs=\u00bball\u00bb collapsed=\u00bbon\u00bb global_colors_info=\u00bb{}\u00bb][et_pb_row _builder_version=\u00bb4.20.0&#8243; _module_preset=\u00bbdefault\u00bb global_colors_info=\u00bb{}\u00bb][et_pb_column type=\u00bb4_4&#8243; _builder_version=\u00bb4.20.0&#8243; _module_preset=\u00bbdefault\u00bb global_colors_info=\u00bb{}\u00bb][et_pb_text _builder_version=\u00bb4.27.0&#8243; _module_preset=\u00bb12285765-b623-429a-8ffc-df96e70403a9&#8243; header_2_text_color=\u00bb#FFFFFF\u00bb header_2_font_size=\u00bb50px\u00bb text_orientation=\u00bbcenter\u00bb global_colors_info=\u00bb{}\u00bb]<\/p>\n<h2>Tras la gala\u00a0 nos veremos en el Mercado de correos<\/h2>\n<p>[\/et_pb_text][\/et_pb_column][\/et_pb_row][\/et_pb_section][et_pb_section fb_built=\u00bb1&#8243; admin_label=\u00bbCall to Action\u00bb _builder_version=\u00bb4.27.0&#8243; _module_preset=\u00bbdefault\u00bb use_background_color_gradient=\u00bbon\u00bb background_color_gradient_stops=\u00bb#ffffff 3%|rgba(255,255,255,0.81) 100%\u00bb background_color_gradient_overlays_image=\u00bbon\u00bb background_image=\u00bbhttps:\/\/grupocorporativocaliche.es\/wp-content\/uploads\/2024\/09\/IMG_1977.jpg\u00bb custom_padding=\u00bb4vw||4vw||true|false\u00bb background_last_edited=\u00bboff|desktop\u00bb background_position_tablet=\u00bbcenter\u00bb background_position_phone=\u00bbcenter\u00bb collapsed=\u00bbon\u00bb global_colors_info=\u00bb{}\u00bb][et_pb_row custom_padding_last_edited=\u00bbon|tablet\u00bb _builder_version=\u00bb4.20.0&#8243; _module_preset=\u00bbdefault\u00bb custom_padding=\u00bb|120px||120px|false|true\u00bb custom_padding_tablet=\u00bb|8%||8%|false|true\u00bb custom_padding_phone=\u00bb||||false|false\u00bb global_colors_info=\u00bb{}\u00bb][et_pb_column type=\u00bb4_4&#8243; _builder_version=\u00bb4.20.0&#8243; _module_preset=\u00bbdefault\u00bb global_colors_info=\u00bb{}\u00bb][et_pb_text _builder_version=\u00bb4.27.0&#8243; _module_preset=\u00bb876a72f6-af99-4728-a89a-ea035610aca7&#8243; text_orientation=\u00bbcenter\u00bb custom_margin=\u00bb||10px||false|false\u00bb global_colors_info=\u00bb{}\u00bb]<\/p>\n<h2><span style=\"color: #800000;\"><strong>Un Men\u00fa creado para celebrar<\/strong><\/span><\/h2>\n<p>[\/et_pb_text][et_pb_text _builder_version=\u00bb4.27.0&#8243; _module_preset=\u00bbe2efb25f-10f9-4ec5-b97d-af4a7082a8de\u00bb text_font=\u00bbUrbanist||||||||\u00bb text_orientation=\u00bbcenter\u00bb global_colors_info=\u00bb{}\u00bb]<\/p>\n<h3><strong>Mesas Tem\u00e1ticas<\/strong><\/h3>\n<p>Jam\u00f3n Iberico al corte. con pan artesano y tomate.<\/p>\n<p>Selecci\u00f3n de Quesos Nacionales con Mermeladas.<\/p>\n<p>Sushi: Niguiris y Huramakis Variados<\/p>\n<p>&nbsp;<\/p>\n<h3><strong>Aperitivos<\/strong><\/h3>\n<p>Marineras<\/p>\n<p>Minigofre de patata asada<\/p>\n<p>Cucharita de pulpo al horno<\/p>\n<p>Cono de mousse de aguacate y salm\u00f3n ahumado<\/p>\n<p>Croquetas de jam\u00f3n iberico<\/p>\n<p>Caballitos<\/p>\n<p>Miniwok de ternera salteada con verduritas<\/p>\n<p>Taco de cochinita pibil<\/p>\n<p>Bao de pollo al curry<\/p>\n<p>Empanadillas de pato pekin y gambas con verduras<\/p>\n<p>Mini burguer de ternera<\/p>\n<p>&nbsp;<\/p>\n<h3><strong>Postre<\/strong><\/h3>\n<p>Surtido de vasitos Dulces<\/p>\n<p>&nbsp;<\/p>\n<h3><strong>1 Copa incluida por persona<\/strong><\/h3>\n<p>&nbsp;<\/p>\n<p>[\/et_pb_text][\/et_pb_column][\/et_pb_row][\/et_pb_section][et_pb_section fb_built=\u00bb1&#8243; admin_label=\u00bbFooter\u00bb _builder_version=\u00bb4.27.0&#8243; _module_preset=\u00bbdefault\u00bb background_color=\u00bb#000000&#8243; use_background_color_gradient=\u00bbon\u00bb background_color_gradient_stops=\u00bb#000000 0%|rgba(0,0,0,0.44) 100%\u00bb background_color_gradient_overlays_image=\u00bbon\u00bb background_image=\u00bbhttps:\/\/grupocorporativocaliche.es\/wp-content\/uploads\/2024\/09\/IMG_1967.jpg\u00bb saved_tabs=\u00bball\u00bb collapsed=\u00bbon\u00bb global_colors_info=\u00bb{}\u00bb][et_pb_row _builder_version=\u00bb4.20.0&#8243; _module_preset=\u00bbdefault\u00bb global_colors_info=\u00bb{}\u00bb][et_pb_column type=\u00bb4_4&#8243; _builder_version=\u00bb4.20.0&#8243; _module_preset=\u00bbdefault\u00bb global_colors_info=\u00bb{}\u00bb][et_pb_text _builder_version=\u00bb4.27.0&#8243; _module_preset=\u00bb12285765-b623-429a-8ffc-df96e70403a9&#8243; header_2_text_color=\u00bb#FFFFFF\u00bb header_2_font_size=\u00bb50px\u00bb text_orientation=\u00bbcenter\u00bb global_colors_info=\u00bb{}\u00bb]<\/p>\n<h2>\u00a1No te pierdas nada!<\/h2>\n<p>[\/et_pb_text][\/et_pb_column][\/et_pb_row][et_pb_row _builder_version=\u00bb4.20.0&#8243; _module_preset=\u00bbdefault\u00bb global_colors_info=\u00bb{}\u00bb][et_pb_column type=\u00bb4_4&#8243; _builder_version=\u00bb4.20.0&#8243; _module_preset=\u00bbdefault\u00bb custom_padding_tablet=\u00bb||30px||false|false\u00bb custom_padding_phone=\u00bb||30px||false|false\u00bb custom_padding_last_edited=\u00bbon|tablet\u00bb global_colors_info=\u00bb{}\u00bb][et_pb_code _builder_version=\u00bb4.27.0&#8243; _module_preset=\u00bbdefault\u00bb text_orientation=\u00bbcenter\u00bb global_colors_info=\u00bb{}\u00bb]<iframe src=\"https:\/\/www.google.com\/maps\/embed?pb=!1m18!1m12!1m3!1d3144.7166385667347!2d-1.1264131!3d37.983741699999996!2m3!1f0!2f0!3f0!3m2!1i1024!2i768!4f13.1!3m3!1m2!1s0xd6383274e060b09%3A0x3d7ba453847ae9ec!2sMercado%20de%20Correos!5e0!3m2!1ses!2ses!4v1727168567965!5m2!1ses!2ses\" width=\"500\" height=\"500\" style=\"border:0;\" allowfullscreen=\"\" loading=\"lazy\" referrerpolicy=\"no-referrer-when-downgrade\"><\/iframe>[\/et_pb_code][\/et_pb_column][\/et_pb_row][\/et_pb_section]<\/p>\n","protected":false},"excerpt":{"rendered":"<p>Apertura de PuertasLa ceremonia comenzar\u00e1s a las 18:ooH en el Teatro Circo de Murcia. La apertura de puertas ser\u00e1s a las 17:30H. Se ruega puntualidad para no interrumpir la ceremoniaCena cocktailTras la gala nos desplazaremos al Mercado de Correos para disfrutar de una cena cocktailC\u00f3digo de VestimentaPara este evento el c\u00f3digo de vestimenta ser\u00e1 de [&hellip;]<\/p>\n","protected":false},"author":1,"featured_media":0,"parent":0,"menu_order":0,"comment_status":"closed","ping_status":"closed","template":"","meta":{"_et_pb_use_builder":"on","_et_pb_old_content":"","_et_gb_content_width":"","footnotes":""},"class_list":["post-6","page","type-page","status-publish","hentry"],"_links":{"self":[{"href":"https:\/\/grupocorporativocaliche.es\/index.php\/wp-json\/wp\/v2\/pages\/6","targetHints":{"allow":["GET"]}}],"collection":[{"href":"https:\/\/grupocorporativocaliche.es\/index.php\/wp-json\/wp\/v2\/pages"}],"about":[{"href":"https:\/\/grupocorporativocaliche.es\/index.php\/wp-json\/wp\/v2\/types\/page"}],"author":[{"embeddable":true,"href":"https:\/\/grupocorporativocaliche.es\/index.php\/wp-json\/wp\/v2\/users\/1"}],"replies":[{"embeddable":true,"href":"https:\/\/grupocorporativocaliche.es\/index.php\/wp-json\/wp\/v2\/comments?post=6"}],"version-history":[{"count":21,"href":"https:\/\/grupocorporativocaliche.es\/index.php\/wp-json\/wp\/v2\/pages\/6\/revisions"}],"predecessor-version":[{"id":83,"href":"https:\/\/grupocorporativocaliche.es\/index.php\/wp-json\/wp\/v2\/pages\/6\/revisions\/83"}],"wp:attachment":[{"href":"https:\/\/grupocorporativocaliche.es\/index.php\/wp-json\/wp\/v2\/media?parent=6"}],"curies":[{"name":"wp","href":"https:\/\/api.w.org\/{rel}","templated":true}]}}